.
2, 23
Suppose -4*w - 14 = -5*b - 6, -4*b - w = 2. Suppose -3*o - 3 = b, 4*q + 87*o = 89*o + 2730. What are the prime factors of q?
2, 11, 31
Suppose h + 4*x - 51424 = 0, -154344 = -120*h + 117*h - 3*x. What are the prime factors of h?
2, 3, 67
Let d be 2 + (-7 - 2088/(-8)). Suppose -3*y + d = 4*x - y, 4*y - 71 = -x. List the prime factors of x.
3, 7
Let j(w) = w**3 - 14*w**2 - 8*w + 25. Let l be 6/((-3)/(-30)*4). List the prime factors of j(l).
2, 5, 13
Suppose -2486*l + 2471*l = -10725. What are the prime factors of l?
5, 11, 13
Suppose -4*w + 4*i = -9928, -23*w + 18*w - i + 12410 = 0. List the prime factors of w.
2, 17, 73
Suppose -5*m - 5266 = -x, -9069 - 6747 = -3*x - 3*m. What are the prime factors of x?
3, 7, 251
Let g be 3/((-3)/(-43)) - (5 - 8). Let r(u) = -28 - g*u**2 + 15*u + 3 + 47*u**2 - 25. What are the prime factors of r(-21)?
2, 19
Let o = 92 + -85. Suppose -4*g + o*g = -174. Let a = g + 79. List the prime factors of a.
3, 7
Let a(v) = v**3 - 20*v**2 + 39*v - 39. Let y be a(18). What are the prime factors of (-128)/160 + 22152/y?
2, 3, 41
Let i be 2/9 - (-208)/(-108)*-3. Let b be -18*2*(-9)/(-12). What are the prime factors of i/b + (-3176)/(-36)?
2, 11
Let s(k) = -29*k**2 + 20*k + 4. Let u be s(6). Let m = 2136 + u. List the prime factors of m.
2, 19
Suppose -6*w + 488 = -2*w. Let d = -239 + w. Let m = -69 - d. List the prime factors of m.
2, 3
Suppose -d + 16*d + 213435 = 0. What are the prime factors of (-27)/(-63) + d/(-21)?
2, 3, 113
Suppose 113 = 22*z - 789. Suppose 573 = k - z. List the prime factors of k.
2, 307
Let h = -62 - -72. Suppose -37 + 587 = h*y. List the prime factors of y.
5, 11
Let l be (-8)/10 + 3978/585. List the prime factors of (-190)/5*l/48*-292.
19, 73
Suppose 2*n + 13*q = 8*q + 34943, -7*q - 52342 = -3*n. What are the prime factors of n?
13, 17, 79
Let b = 512 + -360. Suppose -307*u = -308*u + b. What are the prime factors of u?
2, 19
Let c(j) be the first derivative of -j**2/2 + 12*j - 2. Let f be c(-11). Let d = f - -17. What are the prime factors of d?
2, 5
Let d(w) = 4*w**2 + w - 9. Suppose 3*f - 5*t = 20, -4*t - 10 = -f + t. Let o be d(f). Suppose -2*g + o = 2*j, g + 25 - 83 = j. What are the prime factors of g?
53
Let k(y) = -13*y - 396. Let c(r) = -13*r - 396. Let f(m) = -7*c(m) + 6*k(m). List the prime factors of f(-27).
3, 5
Suppose -378 = -0*x - 3*x + 3*s, 0 = 3*x + 5*s - 386. Let p be x - (2 + 2 + -6). Suppose -p = -5*i + 351. List the prime factors of i.
2, 3
Suppose -4*v + 9135 = 5*u, u - 8*v = -4*v + 1827. Suppose -340*s = -337*s - u. List the prime factors of s.
3, 7, 29
Suppose 6*q - 260 = -20*q. What are the prime factors of ((-42)/q)/((-22)/660)?
2, 3, 7
Let z be (-1 + 3)*2246/(-4). Let y = z + 1888. What are the prime factors of y?
3, 5, 17
Let c(i) be the second derivative of -i**5/20 - 19*i. Let v(s) = -2*s**3 + 2*s**2 - s - 63. Let p(m) = 3*c(m) - v(m). List the prime factors of p(0).
3, 7
Let h be 2/1 + (-9)/(45/10). Let f(d) = d**2 + 3*d. Let q be f(-4). Suppose -q*v + 55 = -h*i + 5*i, v = 2*i + 17. What are the prime factors of v?
3, 5
Suppose 310*y - 35936 = 294*y. What are the prime factors of y?
2, 1123
Let r(o) = 181*o**3 - 3*o**2 + o - 1. Let q(i) = 34*i**3 - 3*i**2 + i. Let g(z) = -2*q(z) + r(z). Let u = 1 + 0. What are the prime factors of g(u)?
2, 3, 19
Let r(n) = 11*n - 41. Let a be r(4). Suppose 0*p - 1954 = -a*y - 2*p, 0 = -5*p - 5. What are the prime factors of y?
2, 163
Suppose -3*o - 893 = -4*m, 1116 = -2*m + 7*m - 4*o. What are the prime factors of (-1 - 2 - 0) + m - 2?
3, 73
Let r = 15 + 15. Let l = r - 25. Let y(t) = 33*t + 18. What are the prime factors of y(l)?
3, 61
Suppose -3*s = -2*a - 30, 4*a = 5*s + 3*a - 43. Suppose 0 = u - p - 158, 0 = -u - 3*p + s + 158. What are the prime factors of u?
2, 5
Suppose 4*p + 3*o - 72756 = 0, 2*o + 22 - 14 = 0. What are the prime factors of p?
2, 3, 379
Let a = -346 + 584. What are the prime factors of 6 + a + 3 + -4?
3
List the prime factors of (-85)/(17255/(-2671451)) - 1*(-12)/(-14).
13159
Let y(l) = l**3 + 4*l**2 + l + 4. Let k be y(-4). Suppose 2 = -u, -h + 2*u + k*u = -14. Suppose h*p = 13*p - 180. List the prime factors of p.
2, 3, 5
Let u(b) = -183*b**2 - b - 2. Let j be u(2). Let a = 1275 + j. List the prime factors of a.
7, 11
List the prime factors of 2*8139/(-30)*-80.
2, 2713
List the prime factors of (-391020)/(-760)*(-20)/(-3).
2, 5, 7
Let y(l) = 8239*l - 680. List the prime factors of y(2).
2, 3, 2633
Let x(t) = 7019*t**2 + 5*t - 4. List the prime factors of x(1).
2, 3, 5, 13
Let p = -22597 + 38788. What are the prime factors of p?
3, 7, 257
Suppose -5*b + 160 + 20 = 0. Suppose -b*n + 3933 = -5067. List the prime factors of n.
2, 5
Let m be -2 - (0 + -477 - 2). Suppose -828 = 42*n - 870. List the prime factors of n/(m/(-847) + (-12)/(-21)).
11
Let h(s) = -2*s**3 - 2*s**2 - s - 133. Let r be h(0). Let d = r + 137. Suppose c - 2*v = 125, 2*c - 5*c + 385 = d*v. What are the prime factors of c?
127
Suppose -284*r + 272*r + 134616 = 0. What are the prime factors of r?
2, 71, 79
Let l(q) = 4440*q - 25. List the prime factors of l(4).
5, 3547
Let l(y) = -8 - 168*y - 240*y + 3 + 43. List the prime factors of l(-2).
2, 7, 61
Suppose 3*t - 1956 = 3*n, 1821 - 514 = -2*n + 5*t. Let g = n - -1323. List the prime factors of g.
2, 3, 7
Let f(x) = -379*x + 1706. What are the prime factors of f(-17)?
29, 281
Let r = -48 - -54. Let b(i) = 8*i**2 - 5*i + 15. Let c be b(r). Suppose 3*f = -0*f + c. List the prime factors of f.
7, 13
Suppose -251*p + 266*p - 71100 = 0. List the prime factors of p.
2, 3, 5, 79
Suppose 3*k + 1 = 7. Suppose 2*h + 563 = 2*i + 3*h, -k*h = -10. Suppose -4*w + w = -i. List the prime factors of w.
3, 31
Suppose -7 = o - 2*n, 12 = -o + 15*n - 12*n. Suppose 8 = 3*u - 1. Suppose 2*h + u*h + o*b = 1178, -2*h = -b - 480. What are the prime factors of h?
2, 7, 17
Suppose 132 = n - 4*p, -2*n + 2*p - 748 = -7*n. Suppose -2*r + 4*o = n, 273 = -5*r + 2*o - 129. Let l = -36 - r. List the prime factors of l.
2, 23
Let q be (1 + (-234)/14)/(84/(-588)). Suppose -4*d = 4*k - q - 14, 5*d - 39 = -k. What are the prime factors of k?
29
Let b(x) = -x**3 - 3*x**2 + x - 2. Let w be b(-3). Let m(z) = -29*z - 1. Let t(n) = -43*n - 1. Let i(f) = 8*m(f) - 5*t(f). What are the prime factors of i(w)?
2, 41
Let j(k) be the first derivative of 8*k**3/3 + 15*k**2/2 - 144*k + 102. What are the prime factors of j(7)?
353
Let w(r) = 957*r**2 + 9*r - 14. What are the prime factors of w(5)?
2, 53, 113
Let m(y) = -3*y**3 - 5*y**2 - 17*y + 70. List the prime factors of m(-11).
3, 5
Let z(n) = 48*n + 2. Let u be z(0). Suppose -2*o + 384 = u*y, y + 5*o - 212 = -0*o. List the prime factors of y.
11, 17
Let a = -37613 - -57060. What are the prime factors of a?
19447
Suppose -m - 14 = 2*m - 4*o, 3 = -m + o. List the prime factors of 1599/m + 170/20 + -8.
2, 5
Suppose -93 = 4*s - 1329. Suppose 2*v = -2*f - s + 2263, -5*f = -3*v - 4925. What are the prime factors of f?
2, 491
Suppose 2*k - 13 - 4 = -5*r, -4*k - 2*r = -10. Let j be k*-4*(-1630)/40. Let z = j + -67. List the prime factors of z.
2, 3
Suppose -2*l = -g + 3 + 13, 2*g = l + 47. Suppose 78 = g*v - 23*v. Let n = v - -20. What are the prime factors of n?
2, 23
Suppose -5*a + 25910 = 5*h - 9*a, -5*h = 2*a - 25940. List the prime factors of h.
2, 2593
Suppose 47 + 13 = 15*j. Suppose -3*w = g - 3837, -j*g = 2*w + 58 - 2616. List the prime factors of w.
1279
Let l(u) = -2*u**3 + 10*u**2 + 6. Let c be l(5). Let x(m) = -c + 34 - 42*m + 39*m. List the prime factors of x(6).
2, 5
Let r(c) be the first derivative of 43*c**2 - 113*c + 86. List the prime factors of r(20).
1607
Let h(j) = 4*j**2 + 2*j + 1. Let d be h(-1). Suppose -d*b = -1236 + 267. Suppose 6*k + 29 = b. What are the prime factors of k?
7
Let m be 144/(-40) + 4 + 3978/5. What are the prime factors of -4 + 0 + 2 + m?
2, 397
Let j(g) = 2*g**2 + 4*g + 54. Let t(p) = 4*p**2 + 9*p + 105. Let u(c) = 7*j(c) - 3*t(c). List the prime factors of u(0).
3, 7
Suppose 9806 = 5*z + 4*v, -6*z - v + 1962 = -5*z. Let f = 2855 - z. List the prime factors of f.
3, 13, 23
Suppose 10 = -0*n - n. Let b(t) be the first derivative of -t**4/4 - 11*t**3/3 - 7*t**2 + 24*t - 2. List the prime factors of b(n).
2
Let b = 12 - 8. Suppose 12 = b*h - 2*a, -6*h